{"id":3,"date":"2020-02-14T10:44:05","date_gmt":"2020-02-14T09:44:05","guid":{"rendered":"http:\/\/www.cedip.at\/cedip\/?page_id=3"},"modified":"2020-04-23T00:54:42","modified_gmt":"2020-04-22T22:54:42","slug":"datenschutzerklaerung","status":"publish","type":"page","link":"https:\/\/www.cedip.at\/cedip\/?page_id=3","title":{"rendered":"Datenschutzerkl\u00e4rung"},"content":{"rendered":"\n<p>Wir freuen uns \u00fcber Ihr Interesse an unserer Website. Der Schutz Ihrer Privatsph\u00e4re ist f\u00fcr uns sehr wichtig. Nachstehend informieren wir Sie ausf\u00fchrlich \u00fcber den Umgang mit Ihren Daten.<\/p>\n\n\n\n<p><strong>Erhebung, Verarbeitung und Nutzung personenbezogener Daten<\/strong><br>Sie k\u00f6nnen unsere Seite besuchen, ohne Angaben zu Ihrer Person zu machen. Wir speichern \u2013 auch wenn der Besuch ggf. \u00fcber Newsletterlinks erfolgt \u2013 lediglich Zugriffsdaten ohne Personenbezug wie z.B.<br>  \u2013 den Namen Ihres Internet Service Providers<br>  \u2013 die Seite, von der aus Sie uns besuchen<br>  \u2013 den Namen der angeforderten Datei<br>Diese Daten werden ausschlie\u00dflich zur Verbesserung unseres Angebotes ausgewertet und erlauben keinen R\u00fcckschluss auf Ihre Person.<\/p>\n\n\n\n<p>Wir erheben, speichern und verarbeiten Ihre Daten f\u00fcr die Bestellabwicklung Ihres Kaufs und eventuelle sp\u00e4tere Gew\u00e4hrleistungsabwicklung sowie f\u00fcr Werbezwecke. Personenbezogene Daten werden erhoben, wenn Sie uns diese im Rahmen Ihrer Warenbestellung oder bei Er\u00f6ffnung eines Kundenkontos freiwillig mitteilen.<\/p>\n\n\n\n<p>Eine Weitergabe Ihrer personenbezogenen Daten erfolgt an von uns im Rahmen der Ausf\u00fchrung des Auftrags eingesetzte Dienstleister (Transporteur, Logistiker, Banken).<\/p>\n\n\n\n<p><strong>Auskunftsrecht<\/strong><br>Sie haben ein Recht auf Auskunft \u00fcber Ihre gespeicherten Daten sowie ggf. ein Recht auf Berichtigung oder L\u00f6schung dieser Daten.<\/p>\n\n\n\n<p><strong>Verwendung von Cookies<\/strong><br>Auf unserer Webseite setzen wir sog. Cookies ein. Cookies sind kleine Dateien, die auf Ihrem Datentr\u00e4ger gespeichert werden und die bestimmte Einstellungen und Daten zum Austausch mit unserem System \u00fcber Ihren Browser speichern. Diese Speicherung hilft uns, die Webseite f\u00fcr Sie entsprechend zu gestalten und erleichtert Ihnen die Nutzung, indem beispielsweise bestimmte Eingaben von Ihnen so gespeichert werden, dass Sie sie nicht st\u00e4ndig wiederholen m\u00fcssen. Ihr Browser erlaubt Ihnen einschr\u00e4nkende Einstellungen zur Nutzung von Cookies, wobei diese dazu f\u00fchren k\u00f6nnen, dass unser Angebot f\u00fcr Sie nicht mehr bzw. eingeschr\u00e4nkt funktioniert. Cookies k\u00f6nnen dort auch gel\u00f6scht werden.<\/p>\n\n\n\n<p><strong>Sitzungs-Cookies<\/strong><br>Die Sitzungscookies (auch Sessioncookies genannt) werden nach dem Schlie\u00dfen Ihres Browsers wieder gel\u00f6scht.<\/p>\n\n\n\n<p><strong>Langzeit-Cookies<\/strong><br>Es werden bei uns Cookies eingesetzt, die auf der Festplatte bei Ihnen verbleiben. Die Verfallszeit ist f\u00fcr Ihre Bequemlichkeit auf ein Datum in der Zukunft eingestellt. Bei einem weiteren Besuch wird dann automatisch erkannt, dass Sie bereits bei uns waren und welche Eingaben und Einstellungen Sie bevorzugen. (sog. Langzeit-Cookies).<\/p>\n\n\n\n<p><strong>Datensicherheit<\/strong><br>Ihre personenbezogenen Daten werden im Bestellprozess verschl\u00fcsselt mittels SSL-Sicherheitssystem (Secure Socket Layer) in Verbindung mit einer 128-Bit-Verschl\u00fcsselung \u00fcber das Internet \u00fcbertragen. Kreditkartendaten werden nicht gespeichert, sondern direkt von unserem Payment-Dienstleister Paypal erhoben und verarbeitet. Wir sichern unsere Website und sonstigen Systeme durch technische und organisatorische Ma\u00dfnahmen gegen Verlust, Zerst\u00f6rung, Zugriff, Ver\u00e4nderung oder Verbreitung Ihrer Daten durch unbefugte Personen. Der Zugang zu Ihrem Kundenkonto ist nur nach Eingabe Ihres pers\u00f6nlichen Passwortes m\u00f6glich. Sie sollten Ihre Zugangsinformationen stets vertraulich behandeln und das Browserfenster schlie\u00dfen, wenn Sie die Kommunikation mit uns beendet haben, insbesondere wenn Sie den Computer gemeinsam mit anderen nutzen.<\/p>\n\n\n\n<p><strong>Ansprechpartner f\u00fcr Datenschutz<\/strong><br>Bei Fragen zur Erhebung, Verarbeitung oder Nutzung Ihrer personenbezogener Daten, bei Ausk\u00fcnften, Berichtigung, Sperrung oder L\u00f6schung von Daten sowie Widerruf erteilter Einwilligungen wenden Sie sich bitte an unseren Datenschutzbeauftragten:<\/p>\n\n\n\n<p>CEDIP Verlag Arztbedarf<br>Dipl.-Ing. Christoph Resatz<br>Breitstetter Stra\u00dfe 2A<br>A-2285 Leopoldsdorf im Marchfelde<br>Tel.: +43 (0)2216 20212<br>Fax: +43 (0)2216 20212-88<br><a aria-label=\" (\u00f6ffnet in neuem Tab)\" href=\"mailto:cedip@cedip.at\" target=\"_blank\" rel=\"noreferrer noopener\">cedip@cedip.at<\/a> | <a aria-label=\" (\u00f6ffnet in neuem Tab)\" href=\"http:\/\/www.cedip.at\" target=\"_blank\" rel=\"noreferrer noopener\">http:\/\/www.cedip.at<\/a><\/p>\n\n\n\n<p><strong>Widerruf von Einwilligungen<\/strong><br>Die nachstehende Einwilligung\/en haben Sie ggf. ausdr\u00fccklich erteilt. Wir m\u00f6chten Sie darauf hinweisen, dass Sie Ihre Einwilligung jederzeit mit Wirkung f\u00fcr die Zukunft widerrufen k\u00f6nnen.<\/p>\n\n\n\n<p><strong>Erlaubnis zur E-Mail-Werbung<\/strong><br>Ich m\u00f6chte regelm\u00e4\u00dfig interessante Angebote per E-Mail erhalten. Meine E-Mail-Adresse wird nicht an andere Unternehmen weitergegeben. Diese Einwilligung zur Speicherung und Nutzung meiner E-Mail-Adresse f\u00fcr Werbezwecke kann ich jederzeit mit Wirkung f\u00fcr die Zukunft widerrufen.<\/p>\n\n\n\n<p>Die Adresse unserer Website ist: \u2026<\/p>\n\n\n\n<h3>Welche personenbezogenen Daten wir sammeln und warum wir sie sammeln<\/h3>\n\n\n\n<p><strong>Kommentare<\/strong><br>Wenn Besucher Kommentare auf der Website schreiben, sammeln wir die Daten, die im Kommentar-Formular angezeigt werden, au\u00dferdem die IP-Adresse des Besuchers und den User-Agent-String (damit wird der Browser identifiziert), um die Erkennung von Spam zu unterst\u00fctzen.<\/p>\n\n\n\n<p>Aus deiner E-Mail-Adresse kann eine anonymisierte Zeichenfolge erstellt (auch Hash genannt) und dem Gravatar-Dienst \u00fcbergeben werden, um zu pr\u00fcfen, ob du diesen benutzt. Die Datenschutzerkl\u00e4rung des Gravatar-Dienstes findest du hier: https:\/\/automattic.com\/privacy\/. Nachdem dein Kommentar freigegeben wurde, ist dein Profilbild \u00f6ffentlich im Kontext deines Kommentars sichtbar.<\/p>\n\n\n\n<p><strong>Medien<\/strong><br>Wenn du ein registrierter Benutzer bist und Fotos auf diese Website l\u00e4dst, solltest du vermeiden, Fotos mit einem EXIF-GPS-Standort hochzuladen. Besucher dieser Website k\u00f6nnten Fotos, die auf dieser Website gespeichert sind, herunterladen und deren Standort-Informationen extrahieren.<\/p>\n\n\n\n<p><strong>Kontaktformulare<\/strong><\/p>\n\n\n\n<p><strong>Cookies<\/strong><br>Wenn du einen Kommentar auf unserer Website schreibst, kann das eine Einwilligung sein, deinen Namen, E-Mail-Adresse und Website in Cookies zu speichern. Dies ist eine Komfortfunktion, damit du nicht, wenn du einen weiteren Kommentar schreibst, all diese Daten erneut eingeben musst. Diese Cookies werden ein Jahr lang gespeichert.<\/p>\n\n\n\n<p>Falls du ein Konto hast und dich auf dieser Website anmeldest, werden wir ein tempor\u00e4res Cookie setzen, um festzustellen, ob dein Browser Cookies akzeptiert. Dieses Cookie enth\u00e4lt keine personenbezogenen Daten und wird verworfen, wenn du deinen Browser schlie\u00dft.<\/p>\n\n\n\n<p>Wenn du dich anmeldest, werden wir einige Cookies einrichten, um deine Anmeldeinformationen und Anzeigeoptionen zu speichern. Anmelde-Cookies verfallen nach zwei Tagen und Cookies f\u00fcr die Anzeigeoptionen nach einem Jahr. Falls du bei der Anmeldung \u201eAngemeldet bleiben\u201c ausw\u00e4hlst, wird deine Anmeldung zwei Wochen lang aufrechterhalten. Mit der Abmeldung aus deinem Konto werden die Anmelde-Cookies gel\u00f6scht.<\/p>\n\n\n\n<p>Wenn du einen Artikel bearbeitest oder ver\u00f6ffentlichst, wird ein zus\u00e4tzlicher Cookie in deinem Browser gespeichert. Dieser Cookie enth\u00e4lt keine personenbezogenen Daten und verweist nur auf die Beitrags-ID des Artikels, den du gerade bearbeitet hast. Der Cookie verf\u00e4llt nach einem Tag.<\/p>\n\n\n\n<p><strong>Eingebettete Inhalte von anderen Websites<\/strong><br>Beitr\u00e4ge auf dieser Website k\u00f6nnen eingebettete Inhalte beinhalten (z. B. Videos, Bilder, Beitr\u00e4ge etc.). Eingebettete Inhalte von anderen Websites verhalten sich exakt so, als ob der Besucher die andere Website besucht h\u00e4tte.<\/p>\n\n\n\n<p>Diese Websites k\u00f6nnen Daten \u00fcber dich sammeln, Cookies benutzen, zus\u00e4tzliche Tracking-Dienste von Dritten einbetten und deine Interaktion mit diesem eingebetteten Inhalt aufzeichnen, inklusive deiner Interaktion mit dem eingebetteten Inhalt, falls du ein Konto hast und auf dieser Website angemeldet bist.<\/p>\n\n\n\n<p>Analysedienste<\/p>\n\n\n\n<p>Mit wem wir deine Daten teilen<\/p>\n\n\n\n<p>Wie lange wir deine Daten speichern<\/p>\n\n\n\n<p>Wenn du einen Kommentar schreibst, wird dieser inklusive Metadaten zeitlich unbegrenzt gespeichert. Auf diese Art k\u00f6nnen wir Folgekommentare automatisch erkennen und freigeben, anstelle sie in einer Moderations-Warteschlange festzuhalten.<\/p>\n\n\n\n<p>F\u00fcr Benutzer, die sich auf unserer Website registrieren, speichern wir zus\u00e4tzlich die pers\u00f6nlichen Informationen, die sie in ihren Benutzerprofilen angeben. Alle Benutzer k\u00f6nnen jederzeit ihre pers\u00f6nlichen Informationen einsehen, ver\u00e4ndern oder l\u00f6schen (der Benutzername kann nicht ver\u00e4ndert werden). Administratoren der Website k\u00f6nnen diese Informationen ebenfalls einsehen und ver\u00e4ndern.<\/p>\n\n\n\n<p><strong>Welche Rechte du an deinen Daten hast<\/strong><br>Wenn du ein Konto auf dieser Website besitzt oder Kommentare geschrieben hast, kannst du einen Export deiner personenbezogenen Daten bei uns anfordern, inklusive aller Daten, die du uns mitgeteilt hast. Dar\u00fcber hinaus kannst du die L\u00f6schung aller personenbezogenen Daten, die wir von dir gespeichert haben, anfordern. Dies umfasst nicht die Daten, die wir aufgrund administrativer, rechtlicher oder sicherheitsrelevanter Notwendigkeiten aufbewahren m\u00fcssen.<\/p>\n\n\n\n<p>Wohin wir deine Daten senden<\/p>\n\n\n\n<p>Besucher-Kommentare k\u00f6nnten von einem automatisierten Dienst zur Spam-Erkennung untersucht werden.<\/p>\n\n\n\n<p>Deine Kontakt-Informationen<\/p>\n\n\n\n<p>Weitere Informationen<\/p>\n\n\n\n<p>Wie wir deine Daten sch\u00fctzen<\/p>\n\n\n\n<p>Welche Ma\u00dfnahmen wir bei Datenschutzverletzungen anbieten<\/p>\n\n\n\n<p>Von welchen Drittanbietern wir Daten erhalten<\/p>\n\n\n\n<p>Welche automatisierte Entscheidungsfindung und\/oder Profilerstellung wir mit Benutzerdaten durchf\u00fchren<\/p>\n\n\n\n<p>Industrielle aufsichtsrechtliche Regulierungsanforderungen<\/p>\n","protected":false},"excerpt":{"rendered":"<p>Wir freuen uns \u00fcber Ihr Interesse an unserer Website. Der Schutz Ihrer Privatsph\u00e4re ist f\u00fcr uns sehr wichtig. Nachstehend informieren wir Sie ausf\u00fchrlich \u00fcber den Umgang mit Ihren Daten. Erhebung, Verarbeitung und Nutzung personenbezogener DatenSie k\u00f6nnen unsere Seite besuchen, ohne Angaben zu Ihrer Person zu machen. Wir speichern \u2013 auch wenn der Besuch ggf. \u00fcber [&hellip;]<\/p>\n","protected":false},"author":1,"featured_media":0,"parent":0,"menu_order":0,"comment_status":"closed","ping_status":"open","template":"","meta":[],"_links":{"self":[{"href":"https:\/\/www.cedip.at\/cedip\/index.php?rest_route=\/wp\/v2\/pages\/3"}],"collection":[{"href":"https:\/\/www.cedip.at\/cedip\/index.php?rest_route=\/wp\/v2\/pages"}],"about":[{"href":"https:\/\/www.cedip.at\/cedip\/index.php?rest_route=\/wp\/v2\/types\/page"}],"author":[{"embeddable":true,"href":"https:\/\/www.cedip.at\/cedip\/index.php?rest_route=\/wp\/v2\/users\/1"}],"replies":[{"embeddable":true,"href":"https:\/\/www.cedip.at\/cedip\/index.php?rest_route=%2Fwp%2Fv2%2Fcomments&post=3"}],"version-history":[{"count":5,"href":"https:\/\/www.cedip.at\/cedip\/index.php?rest_route=\/wp\/v2\/pages\/3\/revisions"}],"predecessor-version":[{"id":338,"href":"https:\/\/www.cedip.at\/cedip\/index.php?rest_route=\/wp\/v2\/pages\/3\/revisions\/338"}],"wp:attachment":[{"href":"https:\/\/www.cedip.at\/cedip\/index.php?rest_route=%2Fwp%2Fv2%2Fmedia&parent=3"}],"curies":[{"name":"wp","href":"https:\/\/api.w.org\/{rel}","templated":true}]}}